t k(z) = l*m(z) + 5*f(z). Calculate k(1).
9
Suppose r - j = 5, -2*j - 3*j - 19 = -4*r. Let m(i) = i**2 - 3*i - 2. Determine m(r).
16
Suppose 3*o + 5*p = o + 31, 0 = 2*o + 2*p - 16. Let v(a) = -a**o - 13*a**2 - 6 + 10 + 6*a**2 - 5*a. Calculate v(-6).
-2
Let r = -4 + 3. Let n(m) = -2*m + 3*m**2 - 8*m**2 + 9 - 1 - 9. Calculate n(r).
-4
Suppose 0 = -0*f + 3*f - 3. Let d(s) = 3*s + 7. Let k(q) = -q - 1. Let r(y) = f*d(y) + 2*k(y). What is r(-6)?
-1
Let x(t) be the third derivative of 2*t**2 + 0 + 5/24*t**4 + 0*t + 0*t**3. Let l(q) = -4*q. Let w(o) = 4*l(o) + 3*x(o). Determine w(-3).
3
Suppose 0 = -4*x + 3 + 5. Let d(g) = -8*g**3 + 2*g**2 + 9*g + 4. Let l(n) = -23*n**3 + 6*n**2 + 26*n + 11. Let t(j) = 17*d(j) - 6*l(j). Determine t(x).
4
Let z be (3*(-2 + 1))/1. Let n(u) = -8 + 38 - 5 - u. Let l(c) = -6. Let r(p) = -9*l(p) - 2*n(p). Determine r(z).
-2
Let j(b) = 4. Let g(l) = l. Let x(d) = -3*d + 4. Let t(m) = -2*g(m) - x(m). Let r(u) = 3*j(u) + 2*t(u). Let k be (-2 + 6/9)*3. Give r(k).
-4
Let f(p) be the third derivative of -p**4/12 - p**3 - 3*p**2. What is f(-6)?
6
Let j(h) = 5*h**2 - 3*h - 3. Let x(u) = -6*u**2 + 3*u + 4. Let k(d) = -7*j(d) - 6*x(d). Let a be 5/2*8/(-4). What is k(a)?
7
Let m be 10/6 + (-2)/(-6). Let w(x) = -9*x - 12*x - 14*x + 2 + 37*x. Determine w(m).
6
Let r(u) = 4*u**3 - 6*u**2 - 9*u - 9. Let v(n) = 5*n**3 - 5*n**2 - 9*n - 9. Let x(h) = 4*r(h) - 3*v(h). Determine x(10).
1
Let i(m) be the first derivative of m**4/4 - 5*m**3/3 + 2*m**2 - 6*m + 1. Let v be -4 + 32/4*1. Give i(v).
-6
Let u be (1 + -3)*135/(-10). Let h(a) = -u*a + 7 + 7*a + 17*a. Calculate h(5).
-8
Let m(f) be the second derivative of -f**4/2 - f**3/3 + f**2/2 + 4*f. What is m(1)?
-7
Suppose -s = -0*s + 5. Let g(m) = -m - 5. Let k be g(s). Let p(t) = t - 2. Let l(j) = -3*j + 6. Let x(z) = -6*l(z) - 17*p(z). Give x(k).
-2
Let s(a) = a**3 - 5*a**2 + 5*a + 4. Let b be s(4). Let y(u) = -2*u + 7. What is y(b)?
-9
Let x(m) = -5 - m + 6*m**2 + 1 + 3*m**3 - 4*m**2 - 3*m. Let f(k) = -7*k**3 - 4*k**2 + 9*k + 9. Let y(z) = 2*f(z) + 5*x(z). Give y(-3).
-5
Let h(k) be the third derivative of -k**6/60 + k**5/20 - k**4/24 - k**3/3 - 53*k**2. What is h(2)?
-8
Let n = 60 + -55. Let v(h) = h + 6. What is v(n)?
11
Let m be (9/15)/(1/5). Suppose 7*r - m*r - 16 = 0. Let k(i) = i**2 - 3*i + 5. Calculate k(r).
9
Let v(m) = -m. Suppose 4*y + 1 = -5*p - 17, 5*y + 12 = -p. Let z be v(y). Let l(q) = 1 + 2*q**2 - 3*q**z - 3*q**3 + q**3. Determine l(1).
-2
Let v be 34/10 - (-2)/(-5). Let a(c) = -7*c**2 + 5 - 2*c - 3 - v. Suppose 0 = -2*q + 6*q + 4. Calculate a(q).
-6
Suppose 4*l + 6 = 22. Let m be (-10 - -1) + (0 - -2). Let r(j) = -5*j - 9. Let p(c) = -2*c - 4. Let z(h) = m*p(h) + 3*r(h). Give z(l).
-3
Let j(v) = 9*v. Let k(o) = -10*o - 1. Let p(u) = -4*j(u) - 3*k(u). Calculate p(2).
-9
Let x(n) = n**2 - 4*n - 5. Suppose 4*g + g = 20. Determine x(g).
-5
Let k(q) = -q**3 + 6*q**2 - 6*q - 1. Let h be k(5). Let c(u) = 8*u - 5. Let f(g) = -7*g + 4. Let x(o) = 5*c(o) + 6*f(o). Calculate x(h).
11
Let o(u) be the second derivative of -4*u**3/3 + u**2 - 9*u. Let a(c) = -17*c + 3. Let l(j) = -2*a(j) + 5*o(j). Give l(3).
-14
Let f = -2 - 4. Let x = f + 10. Let t = 8 - x. Let h(v) = -v**2 + 6*v - 5. Give h(t).
3
Let t(r) = -4*r + 1. Let f = -39 - -36. What is t(f)?
13
Let p(g) = g - 2. Let l(v) = v**2 + 2*v - 2. Let d be l(-4). Determine p(d).
4
Let v(z) = 2*z. Let t(n) = 1. Let r(w) = 4*t(w) + v(w). Let l be 3/(-2)*40/(-15). Let y be 2 + 0 + (-24)/l. Determine r(y).
-4
Let x(r) = r**2 - 8*r + 8. Let h(c) = 2*c - 1. Let w(b) = -2*h(b) - x(b). What is w(5)?
-11
Let p(j) be the first derivative of 0*j - 5/24*j**4 - j**3 + 1/40*j**5 + 3 - 1/360*j**6 + 0*j**2. Let u(t) be the third derivative of p(t). Determine u(4).
-9
Let y(z) = -1 + 7*z + 5*z - 9*z. What is y(-1)?
-4
Let y(a) = -2*a**3 - a**2 - 2*a + 7. Let v(h) = h**3 + h - 3. Let l(r) = 5*v(r) + 2*y(r). Calculate l(2).
1
Let u(b) = 1 + 8*b - 2 + 2 + 2. Let k(f) = 15*f + 5. Let t(o) = 6*k(o) - 11*u(o). What is t(3)?
3
Let b be (-1)/(-3) + (-1)/3. Let i(j) be the first derivative of -j**2/2 + 8*j + 2. Determine i(b).
8
Let w = -7 - -11. Suppose -4 + 0 = -4*c. Let i(p) = -5*p + 3*p + c + p. Calculate i(w).
-3
Let x(r) = 2*r**3 - 4*r**2 + 4*r - 3. Let p = -5 + 7. Suppose -s = 3*j - 3 - 5, -6 = -p*s - j. Calculate x(s).
5
Let z(g) = -4*g + 2*g + g**2 + 4*g + 1. Determine z(-3).
4
Let x(f) be the second derivative of f**5/60 + f**4/6 + f**3/2 - f**2 - 4*f. Let h(c) be the first derivative of x(c). Calculate h(-2).
-1
Let k(n) = -n + 0 + 0. Let y be 2*1/2 + 2. Suppose y*g = -6*d + 3*d - 12, 3*d + 13 = -2*g. Determine k(g).
-1
Let z = 17 + -13. Let o(i) = i**3 + 88*i**2 + 0*i**3 - 84*i**2 - z. Determine o(-4).
-4
Let d = 29 - 17. Suppose -8*u + 3*u + 22 = 3*b, -3*u = 3*b - d. Let n(t) = 6*t**2 + 1. Calculate n(b).
7
Let c(b) = -b**3 + 3*b**2 + 10*b. Let g = 1 - -3. Let p = -3 - g. Let m(y) = -y**3 + 3*y**2 + 11*y. Let k(r) = p*c(r) + 6*m(r). Determine k(4).
0
Suppose -49 = 4*k - 33. Let h(p) = -p**2 - 4*p + 3. Determine h(k).
3
Suppose f = 1 + 4. Let v(s) be the third derivative of s**4/24 + s**3/3 + 19*s**2. Determine v(f).
7
Let b(u) be the third derivative of u**4/24 - u**3/6 - 4*u**2. What is b(6)?
5
Let l(j) = 2*j**3 - 2*j - 1. Let b(k) = 2*k**3 - 3*k - 1. Let g(m) = 2*b(m) - 3*l(m). Calculate g(1).
-1
Let f(j) = -j. Let c(k) = -3*k - 1. Let o(w) = -2*c(w) + 5*f(w). Let n = 13 + -8. Determine o(n).
7
Let d(m) = 3*m + 2. Let x(j) = 1. Let r(i) = d(i) - 2*x(i). What is r(1)?
3
Let l(s) = -s**3 + 3*s**2 + 2*s + 1. Let o(k) = k**3 - 3*k**2 - 2*k - 2. Suppose -5*z = 25, -5*q - 38 = 3*z + 2. Let p(d) = q*l(d) - 4*o(d). Give p(4).
11
Let z(u) = -6*u - 3. Let y be (2 - 1)/((-1)/(-2)). Suppose -12 = 5*l - y. Calculate z(l).
9
Let z(c) = 2*c. Suppose -1 = -3*v - 19. Let p = 9 + v. Determine z(p).
6
Let v(i) = i**2 + 2*i - 2. Suppose -7 = 5*s + 13. Give v(s).
6
Let n(w) = -w - 8. Let p(o) = -6*o + 28. Let d be p(6). Give n(d).
0
Let m(d) = d**3 - 3*d**2 + 3*d - 2. Let p = -1 + 13. Let h = p - 9. Give m(h).
7
Let f be 152/36 - (-4)/(-18). Suppose -5*c = -3*p, 3*p - 37 = -2*p - f*c. Let h(m) = m**3 - 6*m**2 + 4*m + 2. What is h(p)?
-3
Let t(v) be the second derivative of -5*v**4/12 + v**3/6 + v**2/2 - v. Suppose -6*d = -13*d - 7. Determine t(d).
-5
Let w(l) = 4*l - 1. Let p be w(1). Suppose 0*x = p*x + 9. Let h = 4 + x. Let j(k) = -3*k**3 - 2*k + 1. What is j(h)?
-4
Suppose 6 = 2*v - 2*k + 3*k, 0 = 2*v + 2*k - 4. Let z(u) be the first derivative of -1/2*u**2 - 3*u - 4/3*u**3 - 1/4*u**v + 1. Determine z(-4).
1
Suppose -4*s = -11 - 9. Let n = 41 - 39. Let k(b) = 0*b**n + b + 4 - 6 + s*b**2 + b**3. Give k(-3).
13
Let i(k) = 3*k + 12. Let u be i(-4). Let a(o) = o**3 + o - 13. Give a(u).
-13
Let n be (-3 - (-11)/4) + 84/16. Let r(l) = l**2 - 6*l + 3. Calculate r(n).
-2
Let m(w) = -3*w + 5 - 2 - 5 + 0. Give m(-3).
7
Let g(i) = -i**2 + i + 27 - 27 + 2*i. Give g(5).
-10
Let q(y) = -4*y**3 - 4*y**2 + 4*y - 26. Let h(a) = 5*a**3 + 5*a**2 - 5*a + 28. Let b(u) = 5*h(u) + 6*q(u). Calculate b(0).
-16
Let p(n) = -1 - 2 - 4 - n**3 - 4*n + 1 + 7*n**2. Give p(6).
6
Suppose 0 = -2*m + 7*m - 35. Let o(p) = -p + 8. Give o(m).
1
Let y(g) = -g. Let l(r) = r**2. Let j(u) = -l(u) - 2*y(u). What is j(-3)?
-15
Let b(j) = j - 1. Let f(i) = 4*i - 1. Let l(y) = 2*b(y) - f(y). What is l(-1)?
1
Let w(d) be the first derivative of d**2/2 - 5*d - 2. Suppose -5*l + 23 = -7. Calculate w(l).
1
Suppose -2*u + 3 + 3 = 0. Let y(o) = o**3 - 4*o**2 + 0*o**u + 3*o + 5*o - 5*o. What is y(3)?
0
Let v(j) = -j**3 + 5*j**2 - 2*j + 5. Let z(g) = 2*g**2 + 2*g. Let q be z(-2). Suppose 16 = 5*l - 3*l + 2*i, 5*l - 37 = -q*i. Determine v(l).
-5
Let f = -1 - 4. Let z(l) be the third derivative of -l**6/120 - l**5/12 - l**3/6 - 3*l**2. Calculate z(f).
-1
Let c(i) = i + 3. Suppose -4 = 3*l - 5*l. Suppose -2*z - 24 = -2*a, -l*a - 5*z + 0*z = 11. Suppose -5*q = 22 - a. Determine c(q).
0
Let h(i) be the third derivative of -i**5/10 + 7*i**4/24 + 4*i**3/3 + 6*i**2. Let y(m) = 7*m**2 - 7*m - 9. Let s(r) = -6*h(r) - 5*y(r). What is s(6)?
-9
Let t(w) = 5*w**2 - 1. Let y be -3 + 0 + -2*1. Let o(j) = 11*j**2 + j - 3. Let p(h) = y*t(h) + 2*o(h). Determine p(2).
-9
Let c(y) = -y**3 + 7*y**2 - 6*y + 1. Suppose -3*w - 3*w = -72. Sup